8 + 48).
-16
What is -14 - ((2 - 2 - -7) + (60 - 67))?
-14
What is the value of -1 + (11 - (4 - 0)) + 6?
12
What is -8 + 4 + (8 - 11)?
-7
What is 3 - -1 - (21 + -17)?
0
Evaluate -12 + (22 - -21) + -21.
10
What is the value of (-27 - -17) + 33 - 45?
-22
Calculate -3 + -1 + 7 + -10 - -5.
-2
(17 - (2 - -22)) + 0
-7
Evaluate -2 + 18 + (-129 - -134).
21
-6 + 14 + -1 + 10 + -10
7
What is the value of -3 - (3 - (26 + -4))?
16
8 + -3 + (0 - 1) + -17 + 5
-8
What is -18 + 19 + 0 + -5?
-4
-4 - (-2 - (1 + (-5 - -3 - -4)))
1
Evaluate 0 + (3 - 0 - (-1 - -2)).
2
-13 - (-50 + 19 + 22)
-4
Calculate -13 - (1 - (12 - 2) - (15 + -19)).
-8
Evaluate 14 + -13 + 0 + 14.
15
What is the value of 5 + (-7 - 19 - -15)?
-6
What is the value of -2 - (4 + -2) - (-26 + 41 + -23)?
4
What is 6 + (-18 + 8 - -15) + 15?
26
60 + -15 + 3 + -7 + -11
30
What is (-26 - -34) + -6 - 32?
-30
What is the value of -17 + 13 + -11 + 5 - -27?
17
Calculate (1 - 6) + 1 + (2 - -4).
2
Evaluate 21 - 23 - (8 + (-5 - -7)).
-12
What is -23 + 16 + -20 - -40?
13
Evaluate -3 + -2 + 12 + -5 + 10.
12
What is -7 + 21 - -6 - 23?
-3
What is (-1 - 14) + 2 + -7 + 9 + -5?
-16
2 + (-2 - 3) - ((22 - 8) + -26)
9
Evaluate 0 - (-3 - 11) - (-279 - -324).
-31
2 - (8 - -10) - (-4 + (1 - -4))
-17
What is the value of 2 + (-1 - -6) - (50 - 34)?
-9
Evaluate 8 - (0 + -34 - -56).
-14
Calculate 0 - (1 - 4) - 12 - (-88 + 86).
-7
-2 - (2 - 3 - ((-9 - -4) + 9))
3
Evaluate 0 - 0 - (108 - 107).
-1
What is 5 + -10 + (6 - (8 - (-3 - -6)))?
-4
Calculate -22 + -1 + 8 + -2.
-17
Evaluate -9 + -26 + 51 - (-4 - 0).
20
What is (-72 - (64 + -139)) + 4 + -1 + 1?
7
9 - (-4 - (21 - 13 - 5))
16
What is the value of -8 - (6 + (-25 + 17 - (1 - -6)))?
1
Calculate 10 + -2 - (-3 + 11) - 1.
-1
10 + (-37 - -49) - (2 - 9)
29
What is the value of -46 + (-17 - -27 - -16)?
-20
Calculate 2 + 8 - (-7 + (10 - -3)) - -4.
8
Evaluate 0 - 0 - (3 - (-3 + (5 - -5))).
4
What is 146 - 142 - (-15 + 2)?
17
Evaluate (-15 - (-25 - -14)) + 19.
15
Evaluate -303 + 337 + (-23 - 3).
8
Calculate (-3 - -1) + 2 + 1 + 114 + -122.
-7
What is -15 + 1 + (3 - (12 + -1)) - -8?
-14
What is the value of -41 - (53 - 120) - (11 + 0 + 0)?
15
What is the value of -17 - -6 - (-27 + -1 + 10 - -8)?
-1
Calculate -16 - (19 - (10 - -16)).
-9
What is -18 + (23 - 18) + (0 - -8)?
-5
-12 + (-6 - -2) + -2 + 85 + -71
-4
What is 4 + -43 + -21 + 17 + 17?
-26
What is the value of -1 - -36 - (-476 + 499)?
12
Evaluate 13 + (10 + -21 + 15 - 0).
17
Evaluate (-15 - (16 + -12)) + 11 - -32.
24
Calculate (7 - 2) + -2 + -28 - -10.
-15
Evaluate 11 + -16 + 8 - -11.
14
5 + -4 + 1 - (-36 - -9 - -11)
18
What is 6 + (-23 + 3 - -10)?
-4
Calculate -1 + 2 - (22 + (-12 - 0)).
-9
Calculate 12 + 6 + 1 + -43 + -11 + 20.
-15
Calculate (-10 - -3) + 29 + (-28 - (-5 + -8)).
7
What is the value of 2 + 6 + -2 - (0 + 0)?
6
15 + (1 - 6) - (29 + -18)
-1
Calculate -17 - 22 - 10 - -22.
-27
Calculate (1 - 7 - -6) + -10.
-10
Evaluate 17 - 28 - (2 + 7 + -28).
8
What is the value of 1 + (-1 - -4) + -6 - 3?
-5
5 + (6 - (3 - ((3 - -4) + 0)))
15
What is -11 + (9 - (10 - 6)) + -4?
-10
What is (5 - (-5 - 2) - 1) + (-8 - 1)?
2
Calculate 21 + (0 - -3 - 29).
-5
Evaluate 7 - 24 - ((39 - 20) + -3).
-33
Evaluate -9 - (6 - (4 + 0)) - -22.
11
What is the value of 6 + (-9 + 6 - 6 - -3) + -7?
-7
-7 + 1 + -260 + 249
-17
-8 + 14 + (-2 - (13 + -1))
-8
Evaluate (1 - (18 + -15)) + (-1 - (-2 - 1)).
0
What is the value of 22 + -16 + (-33 - -21)?
-6
What is 279 + -273 - (-3 - (21 + -1))?
29
0 + (-3 - (-4 + -7)) + -9
-1
What is the value of 10 + 2 + 0 + -9 - 19?
-16
Evaluate (-10 - (-6 + 0)) + 12 + -7.
1
Calculate -2 + -19 + -17 + 12 + 1 + 2.
-23
Evaluate -8 - (-5 + 0 - (-13 - 9) - 2).
-23
What is the value of 9 + -9 - (3 - (4 - 2) - 9)?
8
Evaluate 18 - ((-5 - -1) + 5 + (4 - 3)).
16
Evaluate 5 - ((-8 - -2) + (18 - 7)).
0
Calculate 5 + 5 + -1 + 27 + -65 - 4.
-33
What is the value of -5 - (12 + 4 - (-3 + 1 + -1))?
-24
(-1 + 5 + -5 - (26 + -32)) + -22
-17
1 - 3 - ((-20 - -6 - -13) + 8)
-9
-16 + -1 + -72 + (121 - 67)
-35
What is 3 + 14 + -12 + (3 - -2 - -6)?
16
What is the value of (-14 + 1 + 6 - -6) + -5 + 14?
8
(18 - 21 - -10) + (2 - 0 - 1)
8
Calculate -6 - (6 + -3 + 0 + -3 - 19).
13
3 + (5 - -1) - (-71 + 78)
2
What is (0 - 2 - 1) + 8 + -1?
4
What is -7 + -6 + 6 - -10?
3
What is 9 + (23 - 24 - (0 - -2))?
6
Calculate 19 - (5 + 23) - (-4 + 12).
-17
-33 - (5 + (-49 - -14))
-3
Calculate 2 - (-10 - (-12 - 2) - -11).
-13
Calculate (-4 - (-14 + 14)) + -4.
-8
-31 - (-10 + 57 + -76)
-2
What is (-48 - -34) + -2 + -9 + (-5 - -8)?
-22
What is the value of 10 - (-10 + (1 - -1) - -19)?
-1
Evaluate -1 + -1 - (0 - (13 + -11 + -3)).
-3
What is the value of 42 - ((118 - 34) + -2)?
-40
Evaluate 11 + (10 - 2) + -7.
12
What is 2 - (6 - (14 - (-13 - -13)))?
10
What is the value of -9 - -1 - (10 + -13 + 5)?
-10
Evaluate -15 + -9 - -29 - (-2 + -2).
9
Calculate 7 - 6 - (-11 + -4 - 0).
16
What is the value of (-10 - 2 - 11) + (1 - (-8 - 2))?
-12
Evaluate -5 + -5 + -4 + (2 + -4 - -8).
-8
5 - 5 - (-13 + 26 + 1 + 0)
-14
Evaluate 26 + -37 + 33 + -7.
15
(16 - 8 - (6 + 2)) + 15 + 1
16
(71 + -48 - (7 - -1)) + -1
14
(-1 - 19) + (90 - 100) + 0 + 10
-20
Evaluate 6 + (0 - (-1 + 2)) + -10 + 9.
4
Calculate 23 + (-14 - -10 - 1) - (-1 - -2).
17
Calculate -1 - 5 - ((11 - 20) + 8).
-5
What is the value of (14 - 3) + (-30 - -23)?
4
Calculate -2 + (6 - ((-16 - -8) + 5)).
7
What is 27 + (-7 - (32 - -15))?
-27
What is the value of 14 + 25 + -19 - 35?
-15
-46 + (57 - -22) + -39
-6
-25 - (-5 + -10) - -22 - 14
-2
What is the value of -13 + 26 + (-1 - 6) - -5?
11
What is 1 + 2 + -9 + -2 + 14 + -24?
-18
What is 9 + 7 + (-6 - 13) + -15?
-18
Evaluate (10 - (14 + 7 - 4) - -28) + 5.
26
What is the value of -5 - (-1 + (6 - (-2 - -4)))?
-8
Evaluate (-6 - (7 + (-13 - -3))) + -5.
-8
Calculate -24 - -26 - (9 - -5).
-12
What is -26 + 43 + -17 + 4 - (12 - 1)?
-7
Calculate -50 + 20 + 7 + 20.
-3
What is the value of -2 + 1 + (2 + -14 - -7) + 9?
3
What is the value of -1 - (13 + 10 + -7 + 0)?
-17
What is 13 + -8 + (-6 - 8)?
-9
What is 17 - (6 + 7) - 1?
3
What is the value of 8 + 8 + (-20 - 7) + -8?
-19
What is the value of (5 - 16) + 10 + 2 + (-68 - -57)?
-10
20 + -10 + (-31 - -15)
-6
Evaluate -7 - (10 - 5) - -3 - -4.
-5
What is (-3 - 2) + (-2 + 22 - (5 + -4))?
14
What is the value of 25 + (-25 + 15 - 11)?
4
What is the value of 0 + (-4 - -4 - (-8 - (1 - 7)))?
2
What is 4 - ((16 - 6) + 16 + -5)?
-17
What is the value of -13 - (3 - -3 - 12)?
-7
What is -15 - ((-2 - -8 - (-13 - -28)) + 1)?
-7
Calculate (-20 + 29 - 25) + 19.
3
What is the value of -10 + (7 - (-13 + 18))?
-8
Calculate -8 + (-4 + 2 + 6 - (65 + -90)).
21
Calculate 2 - ((0 - -1) + (16 - (4 + 15))).
4
Evaluate 115 - 119 - (-1 - 0).
-3
What is (6 - -1) + (-1 - 30 - (-321 + 314))?
-17
Evaluate -2 + -8 + (-3 - -1) + 15 + -8.
-5
What is -3 + -4 + 33 + (4 - -5)?
35
What is the value of -9 - -24 - (2 + -2) - (9 + 0)?
6
What is (-7 + 7 - -12) + -20?
-8
3 - (-10 + 14 + (-3 - (14 + -9)))
7
20 + -1 + (-172 - -150)
-3
Evaluate -7 - (-5 - 2 - 15).
15
-15 - (3 + (-6 + 3 - 5))
-10
Calculate (19 - 11 - 12) + 10 + -1.
5
What is -3 + -9 + 7 + -4?
-9
5 - (5 - 2) - (177 - 169)
-6
What is the value of (-89 + 33 - -24) + 1 + 5?
-26
What is 22 - (26 + -20 - 9)?
25
What is (-7 - -2) + (-13 + 1 + -17 - -7)?
-27
What is the value of 5 + 4 + -5 + (4 - 4 - -18)?
22
Evaluate 40 - 47 - (7 - 6).
-8
15 + -12 + 4 + (-8 - -16)
15
Evaluate -5365 - -5396 - (-1 + 18 + 0).
14
(0 - 16) + -145 + 155 - -16
10
What is (-10 - (-13 + -4)) + (5 - -2)?
14
-5 - (-19 - -11) - (1 - (-3 + 24))
23
Evaluate 13 + -4 - (18 - -2 - 1).
-10
What is -8 - (-1 + 2) - (-70 + 54)?
7
(10 + -17 - 9) + 28
12
Evaluate (-11 - (-9 - -24)) + 3 + 10.
-13
Evaluate (7 + -29 - -51) + -50.
-21
What is the value of (-369 - -360) + (-1 - 2)?
-12
16 - (-9 + -4 - -32)
-3
Calculate (-7 - (-50 - -54 - (0 - 3))) + 6.
-8
What is the value of -2 - (20 - 6) - -12?
-4
What is the value of (-28 - -10) + 32 - (-1 - -40)?
-25
24 - (17 + 4 - 1)
4
What is 10 - (-7 + 3) - 13?
1
What is the value of (8 - 1) + 0 - ((-8 - 5) + 19)?
1
14 - (-8 - (-6 - 2 - -5) - -2)
17
What is (-31 - -46) + (1 - (5 - 0)) + -41?
-30
What is 4 + 10 + -8 + 2 + -7?
1
Evaluate -15 - (-15 - (6 - 11)) - -4.
-1
What is the value of 69 + -57 + (-11 - 2)?
-1
What is the value of (-167 -